{"version":"1.0","provider_name":"Camping Ametza","provider_url":"https:\/\/www.camping-ametza.com\/de\/","author_name":"@dmin64","author_url":"https:\/\/www.camping-ametza.com\/de\/author\/dmin64\/","title":"Mobil-home \"C\u00f4t\u00e9 Jardin\" - Camping Ametza","type":"rich","width":600,"height":338,"html":"<blockquote class=\"wp-embedded-content\" data-secret=\"9aprRCthLa\"><a href=\"https:\/\/www.camping-ametza.com\/de\/hebergements\/mobil-home-cote-jardin\/\">Mobil-home &#8222;C\u00f4t\u00e9 Jardin&#8220;<\/a><\/blockquote><iframe sandbox=\"allow-scripts\" security=\"restricted\" src=\"https:\/\/www.camping-ametza.com\/de\/hebergements\/mobil-home-cote-jardin\/embed\/#?secret=9aprRCthLa\" width=\"600\" height=\"338\" title=\"&#8222;Mobil-home &#8222;C\u00f4t\u00e9 Jardin&#8220;&#8220; &#8211; Camping Ametza\" data-secret=\"9aprRCthLa\" frameborder=\"0\" marginwidth=\"0\" marginheight=\"0\" scrolling=\"no\" class=\"wp-embedded-content\"><\/iframe><script type=\"text\/javascript\">\n\/* <![CDATA[ *\/\n\/*! This file is auto-generated *\/\n!function(d,l){\"use strict\";l.querySelector&&d.addEventListener&&\"undefined\"!=typeof URL&&(d.wp=d.wp||{},d.wp.receiveEmbedMessage||(d.wp.receiveEmbedMessage=function(e){var t=e.data;if((t||t.secret||t.message||t.value)&&!\/[^a-zA-Z0-9]\/.test(t.secret)){for(var s,r,n,a=l.querySelectorAll('iframe[data-secret=\"'+t.secret+'\"]'),o=l.querySelectorAll('blockquote[data-secret=\"'+t.secret+'\"]'),c=new RegExp(\"^https?:$\",\"i\"),i=0;i<o.length;i++)o[i].style.display=\"none\";for(i=0;i<a.length;i++)s=a[i],e.source===s.contentWindow&&(s.removeAttribute(\"style\"),\"height\"===t.message?(1e3<(r=parseInt(t.value,10))?r=1e3:~~r<200&&(r=200),s.height=r):\"link\"===t.message&&(r=new URL(s.getAttribute(\"src\")),n=new URL(t.value),c.test(n.protocol))&&n.host===r.host&&l.activeElement===s&&(d.top.location.href=t.value))}},d.addEventListener(\"message\",d.wp.receiveEmbedMessage,!1),l.addEventListener(\"DOMContentLoaded\",function(){for(var e,t,s=l.querySelectorAll(\"iframe.wp-embedded-content\"),r=0;r<s.length;r++)(t=(e=s[r]).getAttribute(\"data-secret\"))||(t=Math.random().toString(36).substring(2,12),e.src+=\"#?secret=\"+t,e.setAttribute(\"data-secret\",t)),e.contentWindow.postMessage({message:\"ready\",secret:t},\"*\")},!1)))}(window,document);\n\/\/# sourceURL=https:\/\/www.camping-ametza.com\/wp-includes\/js\/wp-embed.min.js\n\/* ]]> *\/\n<\/script>\n","thumbnail_url":"https:\/\/www.camping-ametza.com\/wp-content\/uploads\/2024\/12\/0-1295135.jpg","thumbnail_width":1200,"thumbnail_height":800,"description":"S\u00e9journer dans le C\u00f4t\u00e9 Jardin, c\u2019est choisir l\u2019\u00e9l\u00e9gance d\u2019un mod\u00e8le traversant baign\u00e9 de lumi\u00e8re et ouvert sur un bel espace paysager. Parfait pour les familles en qu\u00eate de confort, ce mobil-home haut de gamme allie intimit\u00e9, \u00e9quipements modernes et atmosph\u00e8re apaisante dans un \u00e9crin verdoyant.\u00a0Sa vaste terrasse semi-couverte et son jardin am\u00e9nag\u00e9 avec bains de [&hellip;]"}

Mobil-home "Côté Jardin" - Camping Ametza

<blockquote class="wp-embedded-content" data-secret="9aprRCthLa"><a href="https://www.camping-ametza.com/de/hebergements/mobil-home-cote-jardin/">Mobil-home &#8222;Côté Jardin&#8220;</a></blockquote><iframe sandbox="allow-scripts" security="restricted" src="https://www.camping-ametza.com/de/hebergements/mobil-home-cote-jardin/embed/#?secret=9aprRCthLa" width="600" height="338" title="&#8222;Mobil-home &#8222;Côté Jardin&#8220;&#8220; &#8211; Camping Ametza" data-secret="9aprRCthLa" frameborder="0" marginwidth="0" marginheight="0" scrolling="no" class="wp-embedded-content"></iframe><script type="text/javascript">
/* <![CDATA[ */
/*! This file is auto-generated */
!function(d,l){"use strict";l.querySelector&&d.addEventListener&&"undefined"!=typeof URL&&(d.wp=d.wp||{},d.wp.receiveEmbedMessage||(d.wp.receiveEmbedMessage=function(e){var t=e.data;if((t||t.secret||t.message||t.value)&&!/[^a-zA-Z0-9]/.test(t.secret)){for(var s,r,n,a=l.querySelectorAll('iframe[data-secret="'+t.secret+'"]'),o=l.querySelectorAll('blockquote[data-secret="'+t.secret+'"]'),c=new RegExp("^https?:$","i"),i=0;i<o.length;i++)o[i].style.display="none";for(i=0;i<a.length;i++)s=a[i],e.source===s.contentWindow&&(s.removeAttribute("style"),"height"===t.message?(1e3<(r=parseInt(t.value,10))?r=1e3:~~r<200&&(r=200),s.height=r):"link"===t.message&&(r=new URL(s.getAttribute("src")),n=new URL(t.value),c.test(n.protocol))&&n.host===r.host&&l.activeElement===s&&(d.top.location.href=t.value))}},d.addEventListener("message",d.wp.receiveEmbedMessage,!1),l.addEventListener("DOMContentLoaded",function(){for(var e,t,s=l.querySelectorAll("iframe.wp-embedded-content"),r=0;r<s.length;r++)(t=(e=s[r]).getAttribute("data-secret"))||(t=Math.random().toString(36).substring(2,12),e.src+="#?secret="+t,e.setAttribute("data-secret",t)),e.contentWindow.postMessage({message:"ready",secret:t},"*")},!1)))}(window,document);
//# sourceURL=https://www.camping-ametza.com/wp-includes/js/wp-embed.min.js
/* ]]> */
</script>

Séjourner dans le Côté Jardin, c’est choisir l’élégance d’un modèle traversant baigné de lumière et ouvert sur un bel espace paysager. Parfait pour les familles en quête de confort, ce mobil-home haut de gamme allie intimité, équipements modernes et atmosphère apaisante dans un écrin verdoyant. Sa vaste terrasse semi-couverte et son jardin aménagé avec bains de [&hellip;]
